{"id":6,"date":"2016-03-17T15:47:24","date_gmt":"2016-03-17T14:47:24","guid":{"rendered":"http:\/\/gabinetnaszeserce.pl\/?page_id=6"},"modified":"2025-06-16T16:12:56","modified_gmt":"2025-06-16T14:12:56","slug":"powitanie","status":"publish","type":"page","link":"https:\/\/gabinetnaszeserce.pl\/","title":{"rendered":"Powitanie"},"content":{"rendered":"<p><img loading=\"lazy\" class=\"wp-image-157 aligncenter\" src=\"https:\/\/gabinetnaszeserce.pl\/wp-content\/uploads\/2016\/03\/naszesercelogopoprawka3-768x203-2-300x79.png\" alt=\"naszesercelogopoprawka3-768x203\" width=\"406\" height=\"107\" srcset=\"https:\/\/gabinetnaszeserce.pl\/wp-content\/uploads\/2016\/03\/naszesercelogopoprawka3-768x203-2-300x79.png 300w, https:\/\/gabinetnaszeserce.pl\/wp-content\/uploads\/2016\/03\/naszesercelogopoprawka3-768x203-2.png 768w\" sizes=\"(max-width: 406px) 100vw, 406px\" \/><\/p>\n<p><img loading=\"lazy\" class=\"size-medium wp-image-467 aligncenter\" src=\"https:\/\/gabinetnaszeserce.pl\/wp-content\/uploads\/2016\/03\/DSC09287-\u2014-kopia-300x270.jpg\" alt=\"SONY DSC\" width=\"300\" height=\"270\" srcset=\"https:\/\/gabinetnaszeserce.pl\/wp-content\/uploads\/2016\/03\/DSC09287-\u2014-kopia-300x270.jpg 300w, https:\/\/gabinetnaszeserce.pl\/wp-content\/uploads\/2016\/03\/DSC09287-\u2014-kopia-768x691.jpg 768w, https:\/\/gabinetnaszeserce.pl\/wp-content\/uploads\/2016\/03\/DSC09287-\u2014-kopia-1024x922.jpg 1024w\" sizes=\"(max-width: 300px) 100vw, 300px\" \/><\/p>\n<p>Szanowni Pa\u0144stwo,<\/p>\n<p style=\"text-align: justify;\">serdecznie zapraszam do gabinetu lekarskiego, w kt\u00f3rym udzielamy specjalistycznych konsultacji z zakresu kardiologii os\u00f3b doros\u0142ych.<\/p>\n<p style=\"text-align: justify;\">Oferujemy opiek\u0119 nad pacjentami z chorob\u0105 wie\u0144cow\u0105, nadci\u015bnieniem t\u0119tniczym, wadami wrodzonymi i nabytymi serca, zaburzeniami rytmu, chorobami mi\u0119\u015bnia sercowego.<\/p>\n<p style=\"text-align: justify;\">W gabinecie przyjmuj\u0105 wysokiej klasy specjali\u015bci z wieloletnim do\u015bwiadczeniem zawodowym i naukowym, zdobywanym w renomowanych o\u015brodkach klinicznych w kraju i za granic\u0105.<\/p>\n<p style=\"text-align: justify;\">Uzupe\u0142nieniem diagnostyki i terapii kardiologicznej jest prowadzona na miejscu opieka dietetyka oraz psychoterapeuty. Konsultacje dietetyka pozwol\u0105 Pa\u0144stwu wdro\u017cy\u0107 w\u0142a\u015bciw\u0105 diet\u0119, korygowa\u0107 nieprawid\u0142owe warto\u015bci wska\u017anika masy cia\u0142a, st\u0119\u017cenia cholesterolu i tr\u00f3jgliceryd\u00f3w, a tym samym zmniejsza\u0107 ryzyko powik\u0142a\u0144 sercowo- naczyniowych.<\/p>\n<p style=\"text-align: justify;\">Wsp\u00f3\u0142pracuj\u0105cy z kardiologami psychoterapeuci podejmuj\u0105 si\u0119 leczenia depresji, zaburze\u0144 nastroju oraz szerokiej gamy zespo\u0142\u00f3w przewlek\u0142ego napi\u0119cia, niekorzystnie odbijaj\u0105cych si\u0119 na stanie uk\u0142adu kr\u0105\u017cenia.<\/p>\n<p style=\"text-align: justify;\">Jestem g\u0142\u0119boko przekonany, \u017ce gabinet Nasze Serce spe\u0142ni Pa\u0144stwa wymagania odno\u015bnie jako\u015bci us\u0142ug oraz indywidualnej, pe\u0142nej szacunku i \u017cyczliwo\u015bci postawy wobec pacjenta. Pragn\u0119 r\u00f3wnie\u017c podkre\u015bli\u0107, \u017ce w gabinecie zapewniamy komfortowy, zaciszny klimat konsultacji, a oczekiwanie na ni\u0105 uprzyjemnia kolekcja artystycznej fotografii podr\u00f3\u017cniczej.<\/p>\n<p style=\"text-align: center;\">&nbsp;&nbsp;&nbsp;&nbsp;&nbsp;&nbsp;&nbsp;&nbsp;&nbsp;&nbsp;&nbsp;&nbsp;&nbsp;&nbsp;&nbsp;&nbsp;&nbsp;&nbsp;&nbsp;&nbsp;&nbsp;&nbsp;&nbsp;&nbsp;&nbsp;&nbsp;&nbsp;&nbsp;&nbsp;&nbsp;&nbsp;&nbsp;&nbsp;&nbsp;&nbsp;&nbsp;&nbsp;&nbsp;&nbsp;&nbsp;&nbsp;&nbsp;&nbsp;&nbsp;&nbsp;&nbsp;&nbsp;&nbsp;&nbsp;&nbsp;&nbsp;&nbsp;&nbsp;&nbsp;&nbsp;&nbsp;&nbsp;&nbsp;&nbsp;&nbsp;&nbsp;&nbsp;&nbsp;&nbsp;&nbsp;&nbsp;&nbsp;&nbsp;&nbsp;&nbsp;&nbsp;&nbsp;&nbsp;&nbsp;&nbsp;&nbsp;&nbsp;&nbsp;&nbsp;&nbsp;&nbsp;&nbsp;&nbsp;&nbsp;&nbsp;&nbsp; Prof. dr hab. n. med. Miros\u0142aw Kowalski<\/p>\n<p>Ladies and Gentleman,<\/p>\n<p style=\"text-align: justify;\">I cordially invite you to the medical practice, where we provide a specialized consultation in cardiology of adults. We offer a care in patients with coronary artery disease, hypertension, congenital and acquired heart defects, arrhythmias and myocardial diseases.<\/p>\n<p style=\"text-align: justify;\">Our team consists of the very best specialists who have many years of medical and scientific experience obtained in renowned centers in Poland and abroad.<\/p>\n<p style=\"text-align: justify;\">In addition, we have a great pleasure to suggest a dietary and psychotherapeutic services that you also can take advantage of.<\/p>\n<p style=\"text-align: justify;\">A dietitian can assist you to implement the optimal diet, to normalize your Body Mass Index and cholesterol levels which combined may allow you to reduce the risk of cardiovascular events in the future.<\/p>\n<p style=\"text-align: justify;\">Furthermore, psychoterapeutists are ready at hand to treat your depression, mood swings and a wide range of persistent tension that may pose a hazard to your circulatory system.<\/p>\n<p style=\"text-align: justify;\">I am convinced that \u201cNasze Serce\u201d will exceed your expectations in terms of very high standard of services and individual attention we pay to each patent. I also need to remark that while expecting a consultation we offer a warm and welcoming atmosphere created by a collection of artistic photo exhibits.<\/p>\n<p style=\"text-align: center;\">&nbsp;&nbsp;&nbsp;&nbsp;&nbsp;&nbsp;&nbsp;&nbsp;&nbsp;&nbsp;&nbsp;&nbsp;&nbsp;&nbsp;&nbsp;&nbsp;&nbsp;&nbsp;&nbsp;&nbsp;&nbsp;&nbsp;&nbsp;&nbsp;&nbsp;&nbsp;&nbsp;&nbsp;&nbsp;&nbsp;&nbsp;&nbsp;&nbsp;&nbsp;&nbsp;&nbsp;&nbsp;&nbsp;&nbsp;&nbsp;&nbsp;&nbsp;&nbsp;&nbsp;&nbsp;&nbsp;&nbsp;&nbsp;&nbsp;&nbsp;&nbsp;&nbsp;&nbsp;&nbsp;&nbsp;&nbsp;&nbsp;&nbsp;&nbsp;&nbsp;&nbsp;&nbsp;&nbsp;&nbsp;&nbsp;&nbsp;&nbsp;&nbsp;&nbsp;&nbsp;&nbsp;&nbsp;&nbsp;&nbsp;&nbsp;&nbsp;&nbsp;&nbsp;&nbsp;&nbsp;&nbsp;&nbsp;&nbsp;&nbsp;&nbsp;&nbsp;&nbsp;&nbsp;&nbsp;&nbsp;&nbsp;&nbsp;&nbsp;&nbsp;&nbsp;&nbsp;&nbsp;&nbsp;&nbsp;&nbsp;&nbsp;&nbsp;&nbsp;&nbsp;&nbsp;&nbsp;&nbsp;&nbsp;&nbsp;&nbsp;&nbsp;&nbsp;&nbsp;&nbsp;&nbsp;&nbsp;&nbsp;&nbsp;&nbsp;&nbsp;&nbsp;&nbsp;&nbsp;&nbsp; Miros\u0142aw Kowalski MD, PhD<\/p>\n<p style=\"text-align: right;\">\n","protected":false},"excerpt":{"rendered":"<p>Szanowni Pa\u0144stwo, serdecznie zapraszam do gabinetu lekarskiego, w kt\u00f3rym udzielamy specjalistycznych konsultacji z zakresu kardiologii os\u00f3b doros\u0142ych. Oferujemy opiek\u0119 nad pacjentami z chorob\u0105 wie\u0144cow\u0105, nadci\u015bnieniem t\u0119tniczym, wadami wrodzonymi i nabytymi serca, zaburzeniami rytmu, chorobami mi\u0119\u015bnia sercowego. W gabinecie przyjmuj\u0105 wysokiej klasy specjali\u015bci z wieloletnim do\u015bwiadczeniem zawodowym i naukowym, zdobywanym w renomowanych o\u015brodkach klinicznych w kraju [&hellip;]<\/p>\n","protected":false},"author":1,"featured_media":0,"parent":0,"menu_order":0,"comment_status":"closed","ping_status":"closed","template":"","meta":[],"_links":{"self":[{"href":"https:\/\/gabinetnaszeserce.pl\/index.php\/wp-json\/wp\/v2\/pages\/6"}],"collection":[{"href":"https:\/\/gabinetnaszeserce.pl\/index.php\/wp-json\/wp\/v2\/pages"}],"about":[{"href":"https:\/\/gabinetnaszeserce.pl\/index.php\/wp-json\/wp\/v2\/types\/page"}],"author":[{"embeddable":true,"href":"https:\/\/gabinetnaszeserce.pl\/index.php\/wp-json\/wp\/v2\/users\/1"}],"replies":[{"embeddable":true,"href":"https:\/\/gabinetnaszeserce.pl\/index.php\/wp-json\/wp\/v2\/comments?post=6"}],"version-history":[{"count":42,"href":"https:\/\/gabinetnaszeserce.pl\/index.php\/wp-json\/wp\/v2\/pages\/6\/revisions"}],"predecessor-version":[{"id":611,"href":"https:\/\/gabinetnaszeserce.pl\/index.php\/wp-json\/wp\/v2\/pages\/6\/revisions\/611"}],"wp:attachment":[{"href":"https:\/\/gabinetnaszeserce.pl\/index.php\/wp-json\/wp\/v2\/media?parent=6"}],"curies":[{"name":"wp","href":"https:\/\/api.w.org\/{rel}","templated":true}]}}