{"id":10,"date":"2016-03-17T15:49:24","date_gmt":"2016-03-17T14:49:24","guid":{"rendered":"http:\/\/gabinetnaszeserce.pl\/?page_id=10"},"modified":"2022-11-21T15:46:54","modified_gmt":"2022-11-21T14:46:54","slug":"dietetyk","status":"publish","type":"page","link":"https:\/\/gabinetnaszeserce.pl\/index.php\/dietetyk\/","title":{"rendered":"Dietetyk"},"content":{"rendered":"<p><img loading=\"lazy\" class=\" wp-image-157 aligncenter\" src=\"https:\/\/gabinetnaszeserce.pl\/wp-content\/uploads\/2016\/03\/naszesercelogopoprawka3-768x203-2-300x79.png\" alt=\"naszesercelogopoprawka3-768x203\" width=\"406\" height=\"107\" srcset=\"https:\/\/gabinetnaszeserce.pl\/wp-content\/uploads\/2016\/03\/naszesercelogopoprawka3-768x203-2-300x79.png 300w, https:\/\/gabinetnaszeserce.pl\/wp-content\/uploads\/2016\/03\/naszesercelogopoprawka3-768x203-2.png 768w\" sizes=\"(max-width: 406px) 100vw, 406px\" \/><\/p>\n<p style=\"text-align: center;\"><strong><img loading=\"lazy\" class=\"size-medium wp-image-562 alignnone\" src=\"https:\/\/gabinetnaszeserce.pl\/wp-content\/uploads\/2022\/11\/H1A9383_1-215x300.jpg\" alt=\"\" width=\"215\" height=\"300\" srcset=\"https:\/\/gabinetnaszeserce.pl\/wp-content\/uploads\/2022\/11\/H1A9383_1-215x300.jpg 215w, https:\/\/gabinetnaszeserce.pl\/wp-content\/uploads\/2022\/11\/H1A9383_1-733x1024.jpg 733w, https:\/\/gabinetnaszeserce.pl\/wp-content\/uploads\/2022\/11\/H1A9383_1-768x1073.jpg 768w, https:\/\/gabinetnaszeserce.pl\/wp-content\/uploads\/2022\/11\/H1A9383_1-1100x1536.jpg 1100w, https:\/\/gabinetnaszeserce.pl\/wp-content\/uploads\/2022\/11\/H1A9383_1-1466x2048.jpg 1466w, https:\/\/gabinetnaszeserce.pl\/wp-content\/uploads\/2022\/11\/H1A9383_1-scaled.jpg 1833w\" sizes=\"(max-width: 215px) 100vw, 215px\" \/><\/strong><\/p>\n<p style=\"text-align: center;\"><strong>Aleksandra Hy\u017cy &#8211; dietetyk, specjalista zdrowia publicznego<\/strong><\/p>\n<p>Jestem absolwentk\u0105 Warszawskiego Uniwersytetu Medycznego na kierunku Dietetyka oraz Zdrowie Publiczne (specjalno\u015b\u0107 zarz\u0105dzanie w ochronie zdrowia) oraz doktorantk\u0105 na tej samej uczelni. Odbywa\u0142am sta\u017ce i praktyki na najlepszych oddzia\u0142ach m.in. \u017cywienia, pediatrii, onkologii, neurologii, kardiologii i diabetologii w Polsce. Uko\u0144czy\u0142am kursy POLSPEN \u2013 \u201e\u017bywienie do- i pozajelitowe w warunkach domowych\u201d i \u201ePodstawy \u017cywienia klinicznego w onkologii\u201d. Podczas konsultacji najwa\u017cniejszy jest dla mnie pacjent, jego historia i potrzeby. Wierz\u0119, \u017ce zdrowe \u017cywienie jest przyjemne, smaczne i wcale nie musi du\u017co kosztowa\u0107, co udowodni\u0119 na moich konsultacjach.<\/p>\n<p>Zawodowo edukuj\u0119, zach\u0119cam do zmiany nawyk\u00f3w, promuj\u0119 zdrowie i obalam popularne mity, szkol\u0119 i dbam o rozw\u00f3j umiej\u0119tno\u015bci mi\u0119kkich oraz work-life balance. Bior\u0119 udzia\u0142 w wielu szkoleniach i konferencjach mi\u0119dzynarodowych, na kt\u00f3rych by\u0142am nagradzana za prac\u0119 naukow\u0105. Nieustannie uzupe\u0142niam i aktualizuj\u0119 swoj\u0105 wiedz\u0119 na szkoleniach, konferencjach i warsztatach, by zaproponowa\u0107 Pa\u0144stwu aktualne zalecenia \u201eszyte na miar\u0119\u201d. Jestem tak\u017ce wyk\u0142adowc\u0105 akademickim by dzieli\u0107 si\u0119 wiedz\u0105 z przysz\u0142ymi dietetykami. Prywatnie przyjemno\u015bci dostarczaj\u0105 mi dobra kuchnia, ksi\u0105\u017cki i filmy z zakresu zarz\u0105dzania i biznesu oraz historii Zjednoczonego Kr\u00f3lestwa i Rodziny Kr\u00f3lewskiej, taniec, spektakle teatralne i d\u0142ugie rozmowy przy domowym cie\u015bcie, kt\u00f3re uwielbiam piec.<\/p>\n<p style=\"text-align: center;\">Aleksandra Hy\u017cy, dietitian, MASc, MPH,<\/p>\n<p>I am a graduate of Medical University of Warsaw, where I completed studies in Dietetics and Public Health (in Health Management) and where I am currently a PhD candidate. I did the internship in the best nutrition, paediatrics, oncology, neurology, cardiology and diabetology departments in Poland. I also completed POLSPEN courses on home enteral and parenteral nutrition and basics of clinical nutrition in oncology. The patient, their history and needs are most important for me. I believe that healthy eating is pleasant, tasty and does not need to be expensive, which I am determined to prove during the visit.<\/p>\n<p>Professionally I educate, encourage to change habits, promote health and bust popular myths, teach and care for soft-skills development as well as work-life balance. I take part in many trainings and international conferences, where I have been awarded for my scientific work. I constantly supplement and update my knowledge during trainings, conferences and workshops in order to be able to suggest the most current guidelines, though always suited to you. I am also an academic teacher to share my knowledge and experience with future dietitians. In my personal time I find pleasure in cooking, fine dining, books and films about business and management, anything related to the UK and the Royal Family, dancing, theatre and long conversation over home-made cake, which I love to bake.<\/p>\n<p><strong>\u00a0<\/strong><\/p>\n","protected":false},"excerpt":{"rendered":"<p>Aleksandra Hy\u017cy &#8211; dietetyk, specjalista zdrowia publicznego Jestem absolwentk\u0105 Warszawskiego Uniwersytetu Medycznego na kierunku Dietetyka oraz Zdrowie Publiczne (specjalno\u015b\u0107 zarz\u0105dzanie w ochronie zdrowia) oraz doktorantk\u0105 na tej samej uczelni. Odbywa\u0142am sta\u017ce i praktyki na najlepszych oddzia\u0142ach m.in. \u017cywienia, pediatrii, onkologii, neurologii, kardiologii i diabetologii w Polsce. Uko\u0144czy\u0142am kursy POLSPEN \u2013 \u201e\u017bywienie do- i pozajelitowe w [&hellip;]<\/p>\n","protected":false},"author":1,"featured_media":0,"parent":0,"menu_order":0,"comment_status":"closed","ping_status":"closed","template":"","meta":[],"_links":{"self":[{"href":"https:\/\/gabinetnaszeserce.pl\/index.php\/wp-json\/wp\/v2\/pages\/10"}],"collection":[{"href":"https:\/\/gabinetnaszeserce.pl\/index.php\/wp-json\/wp\/v2\/pages"}],"about":[{"href":"https:\/\/gabinetnaszeserce.pl\/index.php\/wp-json\/wp\/v2\/types\/page"}],"author":[{"embeddable":true,"href":"https:\/\/gabinetnaszeserce.pl\/index.php\/wp-json\/wp\/v2\/users\/1"}],"replies":[{"embeddable":true,"href":"https:\/\/gabinetnaszeserce.pl\/index.php\/wp-json\/wp\/v2\/comments?post=10"}],"version-history":[{"count":25,"href":"https:\/\/gabinetnaszeserce.pl\/index.php\/wp-json\/wp\/v2\/pages\/10\/revisions"}],"predecessor-version":[{"id":563,"href":"https:\/\/gabinetnaszeserce.pl\/index.php\/wp-json\/wp\/v2\/pages\/10\/revisions\/563"}],"wp:attachment":[{"href":"https:\/\/gabinetnaszeserce.pl\/index.php\/wp-json\/wp\/v2\/media?parent=10"}],"curies":[{"name":"wp","href":"https:\/\/api.w.org\/{rel}","templated":true}]}}